 divisor of 10 and 357555960.
10
What is the highest common factor of 38 and 2109779836?
38
Calculate the highest common factor of 1829688 and 1848.
168
What is the highest common divisor of 8 and 77348?
4
What is the highest common factor of 13454 and 998851?
217
Calculate the highest common factor of 22453704 and 9.
9
What is the highest common divisor of 615195 and 24964765?
7595
What is the highest common divisor of 9764 and 84378047?
2441
What is the highest common factor of 41804 and 4676?
28
Calculate the greatest common divisor of 2245 and 41865.
5
Calculate the highest common divisor of 5122 and 813111.
13
Calculate the greatest common factor of 2 and 2271466.
2
Calculate the greatest common factor of 42074 and 29212.
218
Calculate the greatest common divisor of 618555 and 14835.
645
Calculate the greatest common factor of 50599683 and 80825.
3233
What is the highest common factor of 535986 and 52778?
22
What is the greatest common divisor of 450133 and 6371?
23
What is the greatest common factor of 12936 and 952512?
264
What is the highest common factor of 123150 and 2740498?
1642
Calculate the highest common factor of 480501728 and 1120.
224
What is the highest common factor of 43780252 and 17840?
892
Calculate the highest common factor of 75 and 32075425.
25
What is the greatest common factor of 228 and 265966674?
114
What is the highest common divisor of 1472 and 39029252?
92
What is the greatest common factor of 25583176 and 1042222?
7498
What is the greatest common divisor of 884502 and 90?
18
Calculate the highest common divisor of 7546237 and 279.
31
What is the highest common factor of 3 and 165363864?
3
Calculate the highest common factor of 514120 and 72840.
40
Calculate the highest common factor of 74 and 108490253.
37
Calculate the greatest common factor of 3768042 and 456.
114
What is the greatest common factor of 82212672 and 64?
64
What is the greatest common divisor of 5632 and 286088?
88
Calculate the highest common divisor of 344624 and 12516.
28
Calculate the highest common divisor of 74088 and 32227692.
588
Calculate the greatest common factor of 2568843 and 81.
9
What is the greatest common factor of 74778 and 18857124?
726
Calculate the greatest common divisor of 1419 and 1200342.
33
Calculate the greatest common divisor of 207 and 326071.
23
Calculate the highest common divisor of 25921432 and 9976.
344
What is the highest common factor of 256 and 9175642?
2
Calculate the highest common divisor of 1443325 and 10.
5
Calculate the greatest common factor of 32 and 875752.
8
Calculate the highest common divisor of 101537087 and 73.
73
Calculate the greatest common factor of 17390 and 799611.
47
What is the highest common divisor of 40927803 and 62384?
3899
What is the highest common divisor of 272302 and 4149924?
346
What is the highest common divisor of 14845105 and 86?
43
Calculate the greatest common divisor of 236 and 10959250.
118
What is the highest common factor of 3710 and 41251?
7
What is the highest common factor of 72 and 1443492?
36
Calculate the highest common divisor of 4 and 327669108.
4
Calculate the greatest common divisor of 1142910451 and 2777.
2777
What is the highest common divisor of 145975 and 3325?
25
Calculate the highest common factor of 44 and 1585782.
22
Calculate the highest common divisor of 2210 and 30974.
34
Calculate the highest common divisor of 165088 and 288568.
56
Calculate the greatest common divisor of 831655 and 3245.
55
Calculate the greatest common factor of 27104 and 4145218.
1694
What is the highest common factor of 439086048 and 24?
24
What is the highest common factor of 28820 and 18820?
20
Calculate the greatest common factor of 3764 and 206560.
4
Calculate the greatest common divisor of 3741 and 204718743.
3741
Calculate the highest common factor of 9963 and 20694381.
123
What is the highest common divisor of 6676676 and 47082?
2242
What is the highest common factor of 40238998 and 38?
38
What is the greatest common factor of 2040495 and 1065?
15
What is the highest common factor of 12 and 279150012?
12
Calculate the greatest common divisor of 1977234 and 473634.
7518
Calculate the greatest common factor of 22044 and 13218216.
132
What is the highest common factor of 9916319 and 7?
7
Calculate the highest common divisor of 453766 and 1317648.
194
Calculate the greatest common divisor of 247694 and 41734.
542
Calculate the highest common factor of 15 and 277190895.
15
Calculate the greatest common factor of 31268 and 3676.
4
Calculate the greatest common factor of 3387125 and 5000.
125
Calculate the greatest common divisor of 19 and 854215072.
19
Calculate the greatest common factor of 4699823 and 2581.
89
What is the greatest common divisor of 3827 and 121524961?
89
Calculate the greatest common divisor of 2317070 and 23700.
790
Calculate the highest common divisor of 5312734 and 854.
854
Calculate the highest common divisor of 86 and 48293386.
86
What is the greatest common divisor of 788412 and 498?
6
What is the greatest common divisor of 652979 and 203939?
1871
What is the greatest common factor of 32 and 244058?
2
Calculate the greatest common factor of 1053 and 44964153.
1053
Calculate the highest common divisor of 616 and 3730643.
7
What is the greatest common divisor of 25069 and 129943?
11
What is the greatest common divisor of 4600000 and 512?
64
What is the highest common divisor of 53724 and 15730968?
1452
What is the highest common divisor of 104728797 and 9?
9
Calculate the highest common factor of 196 and 2024582.
98
What is the greatest common factor of 242 and 55459822?
22
What is the greatest common divisor of 2596 and 8337054?
1298
What is the greatest common factor of 232518 and 127099?
271
Calculate the highest common divisor of 33 and 63327462.
33
Calculate the highest common divisor of 560 and 449296120.
280
Calculate the highest common factor of 16569 and 61016.
263
Calculate the greatest common factor of 350 and 117896240.
70
Calculate the greatest common factor of 29691 and 11635573.
3299
What is the highest common factor of 327949 and 1136?
71
What is the greatest common divisor of 982982755 and 85?
85
Calculate the greatest common factor of 6 and 90642903.
3
What is the highest common factor of 61992140 and 490?
70
Calculate the highest common divisor of 35676880 and 2664.
296
Calculate the greatest common divisor of 2302478 and 451876.
1306
Calculate the greatest common factor of 202608 and 47369.
469
What is the greatest common factor of 28389753 and 1722?
861
Calculate the highest common factor of 35913500 and 2387.
217
What is the greatest common divisor of 417195 and 5110?
365
Calculate the highest common divisor of 250206 and 1624656.
1122
Calculate the highest common factor of 32556 and 563916.
12
What is the greatest common factor of 7646693 and 25697?
3671
Calculate the greatest common divisor of 191073144 and 828.
276
What is the highest common factor of 1753623 and 47953?
607
What is the highest common factor of 75724 and 17826118?
3442
Calculate the greatest common divisor of 63644 and 66766.
14
Calculate the highest common factor of 11 and 12614591.
11
What is the highest common factor of 105 and 73941294?
21
Calculate the greatest common divisor of 83814 and 147018.
1374
Calculate the greatest common divisor of 511745 and 13390.
65
What is the highest common divisor of 147464 and 4088?
8
Calculate the greatest common divisor of 8127539 and 266.
7
Calculate the highest common divisor of 1219746 and 132.
66
Calculate the greatest common divisor of 399 and 9734445.
21
Calculate the greatest common divisor of 1254064 and 18704.
112
Calculate the highest common divisor of 253941408 and 2016.
2016
Calculate the greatest common factor of 2658768 and 25669.
1351
What is the greatest common factor of 416299 and 507377?
403
Calculate the greatest common factor of 1410 and 1154367.
141
Calculate the highest common factor of 1510 and 261815.
5
Calculate the greatest common divisor of 158094707 and 159.
53
Calculate the highest common divisor of 7938172 and 672.
4
Calculate the highest common factor of 510 and 1975290.
30
What is the highest common factor of 3068114 and 16058?
518
Calculate the highest common divisor of 44897 and 1287